{"id":13259,"date":"2024-03-07T07:06:49","date_gmt":"2024-03-07T10:06:49","guid":{"rendered":"https:\/\/abciber.org.br\/site\/?page_id=13259"},"modified":"2025-12-05T07:12:54","modified_gmt":"2025-12-05T10:12:54","slug":"abciber-diretoria-atual-2","status":"publish","type":"page","link":"https:\/\/abciber.org.br\/site\/abciber-diretoria-atual-2\/","title":{"rendered":"ABCiber Diretoria Atual"},"content":{"rendered":"[vc_row row_type=&#8221;2&#8243; blox_image=&#8221;13678&#8243; page_title=&#8221;page-title-x&#8221; blox_dark=&#8221;true&#8221; blox_bgcolor=&#8221;#282828&#8243;][vc_column css=&#8221;.vc_custom_1712756295032{padding-top: 8px !important;}&#8221;]<hr class=\"vertical-space5\"><hr class=\"vertical-space5\"><hr class=\"vertical-space5\"><hr class=\"vertical-space4\"><hr class=\"vertical-space1\">[vc_column_text]\n<h4 style=\"font-size: 36px;\"><\/h4>\n[\/vc_column_text]<hr class=\"vertical-space2\">[\/vc_column][\/vc_row][vc_row][vc_column width=&#8221;1\/4&#8243; css=&#8221;.vc_custom_1709804658559{margin-left: -30px !important;padding-top: 30px !important;background-color: #f4f4f4 !important;}&#8221;][vc_column_text css_animation=&#8221;none&#8221; css=&#8221;.vc_custom_1712690469214{margin-bottom: 161px !important;padding-left: 50px !important;}&#8221;]<a href=\"https:\/\/abciber.org.br\/site\/abciber-historico\/\">Hist\u00f3ria<\/a><br \/>\n<a href=\"https:\/\/abciber.org.br\/site\/abciber-ata\">Ata de Funda\u00e7\u00e3o<\/a><br \/>\n<a href=\"https:\/\/abciber.org.br\/site\/abciber-estatuto\/\">Estatuto<\/a><br \/>\n<a href=\"https:\/\/abciber.org.br\/site\/abciber-metas\">Metas e Objetivos<\/a><br \/>\n<a href=\"https:\/\/abciber.org.br\/site\/abciber-diretoria-atual\">Diretoria Atual<\/a><br \/>\n<a href=\"https:\/\/abciber.org.br\/site\/abciber-diretorias-anteriores\">Diretorias Anteriores<\/a><br \/>\n<a href=\"https:\/\/abciber.org.br\/site\/abciber-conselho\">Conselho<\/a><br \/>\n<a href=\"https:\/\/abciber.org.br\/site\/abciber-comissoes\">Comiss\u00f5es<\/a><br \/>\n<a href=\"https:\/\/abciber.org.br\/site\/abciber-socios\">Associados<\/a><br \/>\n<a href=\"https:\/\/abciber.org.br\/site\/abciber-documentos\">Documentos<\/a>[\/vc_column_text][\/vc_column][vc_column width=&#8221;3\/4&#8243; css=&#8221;.vc_custom_1709719847792{padding-top: 30px !important;}&#8221;][vc_column_text css_animation=&#8221;none&#8221; css=&#8221;.vc_custom_1764929293110{padding-right: 5px !important;}&#8221;]\n<h4>[vc_empty_space] <strong><span style=\"color: #000000;\"><h2 class=\"big-title1\">Diretoria Atual<\/h2><\/span><\/strong><\/h4>\n<p>&nbsp;<\/p>\n<p><strong>Diretoria (Bi\u00eanio 2026-2027)<\/strong><\/p>\n<p><strong>Presid\u00eancia<\/strong><br \/>\nProf. Dr. Claudio Luiz Cecim Abra\u00e3o Filho (UPM &#8211; FCL)<\/p>\n<p><strong>Vice-Presid\u00eancia<\/strong><br \/>\nProfa. Dra. Michelle Prazeres (UNIP &#8211; FCL)<\/p>\n<p><strong>Diretoria Executiva<\/strong><br \/>\nProf. Dr. Ren\u00ea Eduardo Arruda (PUC-SP)<\/p>\n<p><strong>Diretoria Financeira<\/strong><br \/>\nProf. Dr. Eduardo Piedade (PUC-SP)<\/p>\n<p><strong>Diretoria Cient\u00edfica<\/strong><br \/>\nProfa. Dra. Lucilene Cury (USP)<\/p>\n<p><strong>Diretoria de Comunica\u00e7\u00e3o<\/strong><br \/>\nProf. Dr. Jorge Miklos<\/p>\n<p><strong>Diretoria Editorial<\/strong><br \/>\nProfa. Dra. Adriana Teixeira (PUC-SP)<\/p>\n<p><strong>Diretoria Cultural<\/strong><br \/>\nProfa. Dra. Andreia Machado Oliveira (UFSM)<\/p>\n<p><strong>Conselho Fiscal<\/strong><br \/>\nProfa. Dra. Mirian Meliani (USP, Febasp)<br \/>\nProf. Dr. Henrique Antoun (UFRJ)<br \/>\nProf. Dr. Sebasti\u00e3o Squirra (USP)<\/p>\n<p>&nbsp;[\/vc_column_text][vc_btn title=&#8221;Link da Inscri\u00e7\u00e3o da Chapa 2026-2027&#8243; i_icon_fontawesome=&#8221;fa fa-link&#8221; add_icon=&#8221;true&#8221; link=&#8221;url:http%3A%2F%2Fabciber.org.br%2Fsite%2Fwp-content%2Fuploads%2F2025%2F12%2FProposta-de-Chapa-ABCiber-2025-2027.pdf||target:%20_blank|&#8221;][\/vc_column][\/vc_row]\n","protected":false},"excerpt":{"rendered":"<p>[vc_row row_type=&#8221;2&#8243; blox_image=&#8221;13678&#8243; page_title=&#8221;page-title-x&#8221; blox_dark=&#8221;true&#8221; blox_bgcolor=&#8221;#282828&#8243;][vc_column css=&#8221;.vc_custom_1712756295032{padding-top: 8px !important;}&#8221;][vc_column_text] [\/vc_column_text][\/vc_column][\/vc_row][vc_row][vc_column width=&#8221;1\/4&#8243; css=&#8221;.vc_custom_1709804658559{margin-left: -30px !important;padding-top: 30px !important;background-color: #f4f4f4 !important;}&#8221;][vc_column_text css_animation=&#8221;none&#8221; css=&#8221;.vc_custom_1712690469214{margin-bottom: 161px !important;padding-left: 50px !important;}&#8221;]Hist\u00f3ria Ata de Funda\u00e7\u00e3o Estatuto Metas e Objetivos Diretoria Atual Diretorias Anteriores Conselho Comiss\u00f5es Associados Documentos[\/vc_column_text][\/vc_column][vc_column width=&#8221;3\/4&#8243; css=&#8221;.vc_custom_1709719847792{padding-top: 30px !important;}&#8221;][vc_column_text css_animation=&#8221;none&#8221; css=&#8221;.vc_custom_1764929293110{padding-right: 5px !important;}&#8221;] [vc_empty_space] &nbsp; Diretoria (Bi\u00eanio 2026-2027) Presid\u00eancia Prof. Dr. Claudio Luiz Cecim Abra\u00e3o Filho (UPM &#8211; FCL) Vice-Presid\u00eancia Profa. Dra. Michelle Prazeres (UNIP &#8211; FCL) Diretoria Executiva Prof. Dr. Ren\u00ea Eduardo Arruda (PUC-SP) Diretoria Financeira Prof. Dr. Eduardo Piedade (PUC-SP) Diretoria Cient\u00edfica Profa. Dra. Lucilene Cury (USP) Diretoria de Comunica\u00e7\u00e3o Prof. Dr. Jorge Miklos Diretoria Editorial Profa. Dra. Adriana Teixeira (PUC-SP) Diretoria Cultural Profa. Dra. Andreia Machado Oliveira (UFSM) Conselho Fiscal Profa. Dra. Mirian Meliani (USP, Febasp) Prof. Dr. Henrique Antoun (UFRJ) Prof. Dr. Sebasti\u00e3o Squirra (USP) &nbsp;[\/vc_column_text][vc_btn title=&#8221;Link da Inscri\u00e7\u00e3o da Chapa 2026-2027&#8243; i_icon_fontawesome=&#8221;fa fa-link&#8221; add_icon=&#8221;true&#8221; link=&#8221;url:http%3A%2F%2Fabciber.org.br%2Fsite%2Fwp-content%2Fuploads%2F2025%2F12%2FProposta-de-Chapa-ABCiber-2025-2027.pdf||target:%20_blank|&#8221;][\/vc_column][\/vc_row]<\/p>\n","protected":false},"author":1,"featured_media":0,"parent":0,"menu_order":0,"comment_status":"closed","ping_status":"closed","template":"","meta":{"footnotes":""},"class_list":["post-13259","page","type-page","status-publish","hentry"],"_links":{"self":[{"href":"https:\/\/abciber.org.br\/site\/wp-json\/wp\/v2\/pages\/13259","targetHints":{"allow":["GET"]}}],"collection":[{"href":"https:\/\/abciber.org.br\/site\/wp-json\/wp\/v2\/pages"}],"about":[{"href":"https:\/\/abciber.org.br\/site\/wp-json\/wp\/v2\/types\/page"}],"author":[{"embeddable":true,"href":"https:\/\/abciber.org.br\/site\/wp-json\/wp\/v2\/users\/1"}],"replies":[{"embeddable":true,"href":"https:\/\/abciber.org.br\/site\/wp-json\/wp\/v2\/comments?post=13259"}],"version-history":[{"count":25,"href":"https:\/\/abciber.org.br\/site\/wp-json\/wp\/v2\/pages\/13259\/revisions"}],"predecessor-version":[{"id":15913,"href":"https:\/\/abciber.org.br\/site\/wp-json\/wp\/v2\/pages\/13259\/revisions\/15913"}],"wp:attachment":[{"href":"https:\/\/abciber.org.br\/site\/wp-json\/wp\/v2\/media?parent=13259"}],"curies":[{"name":"wp","href":"https:\/\/api.w.org\/{rel}","templated":true}]}}