{"id":13519,"date":"2024-04-02T18:53:46","date_gmt":"2024-04-02T21:53:46","guid":{"rendered":"https:\/\/abciber.org.br\/site\/?page_id=13519"},"modified":"2025-02-18T18:08:21","modified_gmt":"2025-02-18T21:08:21","slug":"publicacoes-2","status":"publish","type":"page","link":"https:\/\/abciber.org.br\/site\/publicacoes-2\/","title":{"rendered":"Publica\u00e7\u00f5es da ABCiber"},"content":{"rendered":"[vc_row row_type=&#8221;2&#8243; blox_image=&#8221;13690&#8243; page_title=&#8221;page-title-x&#8221; blox_dark=&#8221;true&#8221; blox_bgcolor=&#8221;#282828&#8243;][vc_column css=&#8221;.vc_custom_1466323235150{padding-top: 8px !important;}&#8221;]<hr class=\"vertical-space5\"><hr class=\"vertical-space5\"><hr class=\"vertical-space5\"><hr class=\"vertical-space4\"><hr class=\"vertical-space1\">[vc_column_text]\n[\/vc_column_text]<hr class=\"vertical-space2\">[\/vc_column][\/vc_row][vc_row row_type=&#8221;2&#8243; blox_bgcolor=&#8221;#f6f6f8&#8243;][vc_column width=&#8221;2\/3&#8243; css=&#8221;.vc_custom_1468734530362{padding-right: 0px !important;}&#8221;]<hr class=\"vertical-space2\">[vc_column_text css_animation=&#8221;none&#8221; css=&#8221;.vc_custom_1712775852751{padding-right: 5px !important;}&#8221;]<strong>Publica\u00e7\u00f5es da ABCiber<\/strong><\/p>\n<p>Consulte abaixo as publica\u00e7\u00f5es da ABCiber.<\/p>\n<p>&nbsp;[\/vc_column_text][\/vc_column][\/vc_row][vc_row][vc_column][vc_empty_space][vc_empty_space]<h2 class=\"big-title1\">Anais Eletr\u00f4nicos<\/h2>[\/vc_column][\/vc_row][vc_row][vc_column][vc_row_inner][vc_column_inner width=&#8221;1\/4&#8243;]<article class=\"icon-box16     \" style=\"background:;\"><a target=\"_blank\" href=\"https:\/\/abciber.org.br\/site\/anais-eletronicos\/\"><i class=\"fa-clipboard \" style=\" color:#f58342;\"><\/i><\/a><h4>Simp\u00f3sio Nacional da ABCiber<\/h4><p>2024,2023,...<\/p><\/article>[\/vc_column_inner][vc_column_inner width=&#8221;1\/4&#8243;]<article class=\"icon-box16     \" style=\"background:;\"><a target=\"_blank\" href=\"https:\/\/abciber.org.br\/site\/encontro-virtual-2\/\"><i class=\"fa-clipboard \" style=\" color:#f58342;\"><\/i><\/a><h4>Encontro Virtual da ABCiber<\/h4><p>2024,2022,...<\/p><\/article>[\/vc_column_inner][vc_column_inner width=&#8221;1\/4&#8243;]<article class=\"icon-box16     \" style=\"background:;\"><a target=\"_blank\" href=\"https:\/\/abciber.org.br\/site\/anais-eletronicos-encontro-centro-sul-apresentacao\/\"><i class=\"fa-clipboard \" style=\" color:#f58342;\"><\/i><\/a><h4>Encontro Regional Centro-Sul<\/h4><p>2019, 2018<\/p><\/article>[\/vc_column_inner][vc_column_inner width=&#8221;1\/4&#8243;]<article class=\"icon-box16     \" style=\"background:;\"><a target=\"_blank\" href=\"https:\/\/abciber.org.br\/site\/anais-eletronicos-encontro-norte-nordeste-apresentacao\/\"><i class=\"fa-clipboard \" style=\" color:#f58342;\"><\/i><\/a><h4>Encontro Regional Norte-Nordeste<\/h4><p>2019, 2018<\/p><\/article>[\/vc_column_inner][\/vc_row_inner][vc_row_inner][vc_column_inner][vc_column_text][vc_row][vc_column width=&#8221;1\/1&#8243;][vc_column_text]<b><br class=\"\"><\/b>[\/vc_column_text][\/vc_column_inner][\/vc_row_inner][\/vc_column][\/vc_row][vc_row][vc_column]<h2 class=\"big-title1\">eBooks ABCiber<\/h2>[vc_row_inner][vc_column_inner width=&#8221;1\/3&#8243;][vc_single_image image=&#8221;13525&#8243; img_size=&#8221;full&#8221; onclick=&#8221;custom_link&#8221; img_link_target=&#8221;_blank&#8221; link=&#8221;https:\/\/abciber.org.br\/publicacoes\/livro1\/&#8221;][vc_column_text]<strong><br \/>\nA Cibercultura e Seu Espelho<\/strong><br \/>\nOrganizadores : Eug\u00eanio Trivinho e Edilson Cazeloto<br \/>\n<a href=\"https:\/\/abciber.org.br\/publicacoes\/livro1\/\" target=\"_blank\" rel=\"noopener\">Acesso Completo<\/a>[\/vc_column_text][\/vc_column_inner][vc_column_inner width=&#8221;1\/3&#8243;][vc_single_image image=&#8221;13526&#8243; img_size=&#8221;full&#8221; onclick=&#8221;custom_link&#8221; img_link_target=&#8221;_blank&#8221; link=&#8221;http:\/\/abciber.org.br\/publicacoes\/livro2\/sumario\/&#8221;][vc_column_text]<strong><br \/>\nA Cibercultura em Transforma\u00e7\u00e3o<\/strong><br \/>\nOrganizadores: Eug\u00eanio Trivinho e Angela Pintos dos Reis<br \/>\n<a href=\"http:\/\/abciber.org.br\/publicacoes\/livro2\/sumario\/\" rel=\"noopener\">Acesso Completo<\/a>[\/vc_column_text][\/vc_column_inner][vc_column_inner width=&#8221;1\/3&#8243;][vc_single_image image=&#8221;13527&#8243; img_size=&#8221;full&#8221; onclick=&#8221;custom_link&#8221; img_link_target=&#8221;_blank&#8221; link=&#8221;https:\/\/abciber.org.br\/publicacoes\/livro3\/sumario\/&#8221;][vc_column_text]<strong><br \/>\nA Cibercultura em Tens\u00e3o<\/strong><br \/>\nOrganizadores: Eug\u00eanio Trivinho e Angela Pintor dos Reis<br \/>\n<a href=\"https:\/\/abciber.org.br\/publicacoes\/livro3\/sumario\/\" rel=\"noopener\">Acesso Completo<\/a>[\/vc_column_text][\/vc_column_inner][\/vc_row_inner][vc_row_inner][vc_column_inner][vc_column_text][vc_row][vc_column width=&#8221;1\/1&#8243;][vc_column_text]<b><br class=\"\"><\/b>[\/vc_column_text][vc_column_text][vc_row][vc_column width=&#8221;1\/1&#8243;][vc_column_text]<b><br class=\"\"><\/b>[\/vc_column_text][\/vc_column_inner][\/vc_row_inner][\/vc_column][\/vc_row]<h2 class=\"big-title1\">Dossi\u00ea ABCiber<\/h2>[vc_row][vc_column][vc_row_inner][vc_column_inner width=&#8221;1\/3&#8243;][vc_single_image image=&#8221;13530&#8243; img_size=&#8221;full&#8221; onclick=&#8221;custom_link&#8221; img_link_target=&#8221;_blank&#8221; link=&#8221;http:\/\/revistas.pucsp.br\/index.php\/galaxia\/issue\/current\/showToc&#8221;][vc_column_text]<strong><br \/>\nDossi\u00ea \u201cCibercultura revisitada\u201d<\/strong><br \/>\nRevista Gal\u00e1xia n.16 (dez. 2008)<br \/>\n<a href=\"http:\/\/revistas.pucsp.br\/index.php\/galaxia\/issue\/current\/showToc\" target=\"_blank\" rel=\"noopener\">Acesso Completo<\/a>[\/vc_column_text][\/vc_column_inner][vc_column_inner width=&#8221;1\/3&#8243;][vc_single_image image=&#8221;13532&#8243; img_size=&#8221;full&#8221; onclick=&#8221;custom_link&#8221; img_link_target=&#8221;_blank&#8221; link=&#8221;http:\/\/revistaseletronicas.pucrs.br\/ojs\/index.php\/revistafamecos\/issue\/view\/337\/showToc&#8221;][vc_column_text]<strong><br \/>\nDossi\u00ea ABCiber (II Simp\u00f3sio Nacional)<\/strong><br \/>\nRevista Famecos n.37 (dez. 2008)<br \/>\n<a href=\"http:\/\/revistaseletronicas.pucrs.br\/ojs\/index.php\/revistafamecos\/issue\/view\/337\/showToc\" target=\"_blank\" rel=\"noopener\">Acesso Completo<\/a>[\/vc_column_text][\/vc_column_inner][vc_column_inner width=&#8221;1\/3&#8243;][\/vc_column_inner][\/vc_row_inner][vc_row_inner][vc_column_inner][vc_column_text]<b><br class=\"\"><\/b>[\/vc_column_text][\/vc_column_inner][\/vc_row_inner][\/vc_column][\/vc_row]\n","protected":false},"excerpt":{"rendered":"<p>[vc_row row_type=&#8221;2&#8243; blox_image=&#8221;13690&#8243; page_title=&#8221;page-title-x&#8221; blox_dark=&#8221;true&#8221; blox_bgcolor=&#8221;#282828&#8243;][vc_column css=&#8221;.vc_custom_1466323235150{padding-top: 8px !important;}&#8221;][vc_column_text] [\/vc_column_text][\/vc_column][\/vc_row][vc_row row_type=&#8221;2&#8243; blox_bgcolor=&#8221;#f6f6f8&#8243;][vc_column width=&#8221;2\/3&#8243; css=&#8221;.vc_custom_1468734530362{padding-right: 0px !important;}&#8221;][vc_column_text css_animation=&#8221;none&#8221; css=&#8221;.vc_custom_1712775852751{padding-right: 5px !important;}&#8221;]Publica\u00e7\u00f5es da ABCiber Consulte abaixo as publica\u00e7\u00f5es da ABCiber. &nbsp;[\/vc_column_text][\/vc_column][\/vc_row][vc_row][vc_column][vc_empty_space][vc_empty_space][\/vc_column][\/vc_row][vc_row][vc_column][vc_row_inner][vc_column_inner width=&#8221;1\/4&#8243;][\/vc_column_inner][vc_column_inner width=&#8221;1\/4&#8243;][\/vc_column_inner][vc_column_inner width=&#8221;1\/4&#8243;][\/vc_column_inner][vc_column_inner width=&#8221;1\/4&#8243;][\/vc_column_inner][\/vc_row_inner][vc_row_inner][vc_column_inner][vc_column_text][vc_row][vc_column width=&#8221;1\/1&#8243;][vc_column_text][\/vc_column_text][\/vc_column_inner][\/vc_row_inner][\/vc_column][\/vc_row][vc_row][vc_column][vc_row_inner][vc_column_inner width=&#8221;1\/3&#8243;][vc_single_image image=&#8221;13525&#8243; img_size=&#8221;full&#8221; onclick=&#8221;custom_link&#8221; img_link_target=&#8221;_blank&#8221; link=&#8221;https:\/\/abciber.org.br\/publicacoes\/livro1\/&#8221;][vc_column_text] A Cibercultura e Seu Espelho Organizadores : Eug\u00eanio Trivinho e Edilson Cazeloto Acesso Completo[\/vc_column_text][\/vc_column_inner][vc_column_inner width=&#8221;1\/3&#8243;][vc_single_image image=&#8221;13526&#8243; img_size=&#8221;full&#8221; onclick=&#8221;custom_link&#8221; img_link_target=&#8221;_blank&#8221; link=&#8221;http:\/\/abciber.org.br\/publicacoes\/livro2\/sumario\/&#8221;][vc_column_text] A Cibercultura em Transforma\u00e7\u00e3o Organizadores: Eug\u00eanio Trivinho e Angela Pintos dos Reis Acesso Completo[\/vc_column_text][\/vc_column_inner][vc_column_inner width=&#8221;1\/3&#8243;][vc_single_image image=&#8221;13527&#8243; img_size=&#8221;full&#8221; onclick=&#8221;custom_link&#8221; img_link_target=&#8221;_blank&#8221; link=&#8221;https:\/\/abciber.org.br\/publicacoes\/livro3\/sumario\/&#8221;][vc_column_text] A Cibercultura em Tens\u00e3o Organizadores: Eug\u00eanio Trivinho e Angela Pintor dos Reis Acesso Completo[\/vc_column_text][\/vc_column_inner][\/vc_row_inner][vc_row_inner][vc_column_inner][vc_column_text][vc_row][vc_column width=&#8221;1\/1&#8243;][vc_column_text][\/vc_column_text][vc_column_text][vc_row][vc_column width=&#8221;1\/1&#8243;][vc_column_text][\/vc_column_text][\/vc_column_inner][\/vc_row_inner][\/vc_column][\/vc_row][vc_row][vc_column][vc_row_inner][vc_column_inner width=&#8221;1\/3&#8243;][vc_single_image image=&#8221;13530&#8243; img_size=&#8221;full&#8221; onclick=&#8221;custom_link&#8221; img_link_target=&#8221;_blank&#8221; link=&#8221;http:\/\/revistas.pucsp.br\/index.php\/galaxia\/issue\/current\/showToc&#8221;][vc_column_text] Dossi\u00ea \u201cCibercultura revisitada\u201d Revista Gal\u00e1xia n.16 (dez. 2008) Acesso Completo[\/vc_column_text][\/vc_column_inner][vc_column_inner width=&#8221;1\/3&#8243;][vc_single_image image=&#8221;13532&#8243; img_size=&#8221;full&#8221; onclick=&#8221;custom_link&#8221; img_link_target=&#8221;_blank&#8221; link=&#8221;http:\/\/revistaseletronicas.pucrs.br\/ojs\/index.php\/revistafamecos\/issue\/view\/337\/showToc&#8221;][vc_column_text] Dossi\u00ea ABCiber (II Simp\u00f3sio Nacional) Revista Famecos n.37 (dez. 2008) Acesso Completo[\/vc_column_text][\/vc_column_inner][vc_column_inner width=&#8221;1\/3&#8243;][\/vc_column_inner][\/vc_row_inner][vc_row_inner][vc_column_inner][vc_column_text][\/vc_column_text][\/vc_column_inner][\/vc_row_inner][\/vc_column][\/vc_row]<\/p>\n","protected":false},"author":1278,"featured_media":0,"parent":0,"menu_order":0,"comment_status":"closed","ping_status":"closed","template":"","meta":{"footnotes":""},"class_list":["post-13519","page","type-page","status-publish","hentry"],"_links":{"self":[{"href":"https:\/\/abciber.org.br\/site\/wp-json\/wp\/v2\/pages\/13519","targetHints":{"allow":["GET"]}}],"collection":[{"href":"https:\/\/abciber.org.br\/site\/wp-json\/wp\/v2\/pages"}],"about":[{"href":"https:\/\/abciber.org.br\/site\/wp-json\/wp\/v2\/types\/page"}],"author":[{"embeddable":true,"href":"https:\/\/abciber.org.br\/site\/wp-json\/wp\/v2\/users\/1278"}],"replies":[{"embeddable":true,"href":"https:\/\/abciber.org.br\/site\/wp-json\/wp\/v2\/comments?post=13519"}],"version-history":[{"count":29,"href":"https:\/\/abciber.org.br\/site\/wp-json\/wp\/v2\/pages\/13519\/revisions"}],"predecessor-version":[{"id":15633,"href":"https:\/\/abciber.org.br\/site\/wp-json\/wp\/v2\/pages\/13519\/revisions\/15633"}],"wp:attachment":[{"href":"https:\/\/abciber.org.br\/site\/wp-json\/wp\/v2\/media?parent=13519"}],"curies":[{"name":"wp","href":"https:\/\/api.w.org\/{rel}","templated":true}]}}