{"id":9472,"date":"2018-06-21T23:14:05","date_gmt":"2018-06-22T02:14:05","guid":{"rendered":"http:\/\/abciber.org.br\/demo2\/?post_type=product&#038;p=9472"},"modified":"2024-04-11T12:53:38","modified_gmt":"2024-04-11T15:53:38","slug":"estudante-de-graduacao","status":"publish","type":"product","link":"https:\/\/abciber.org.br\/site\/product\/estudante-de-graduacao\/","title":{"rendered":"Associado ABCiber : Estudante de Gradua\u00e7\u00e3o"},"content":{"rendered":"<p>Associado ABCiber : Estudante de Gradua\u00e7\u00e3o<br \/>\n<strong>Pagamento de Anuidade<\/strong><\/p>\n","protected":false},"excerpt":{"rendered":"<p>Associa\u00e7\u00e3o ABCiber &#8211; Anuidade (Estudante de Gradua\u00e7\u00e3o)<\/p>\n","protected":false},"featured_media":14126,"template":"","meta":[],"class_list":{"0":"post-9472","1":"product","2":"type-product","3":"status-publish","4":"has-post-thumbnail","6":"product_cat-anuidade","8":"first","9":"instock","10":"virtual","11":"purchasable","12":"product-type-simple"},"_links":{"self":[{"href":"https:\/\/abciber.org.br\/site\/wp-json\/wp\/v2\/product\/9472","targetHints":{"allow":["GET"]}}],"collection":[{"href":"https:\/\/abciber.org.br\/site\/wp-json\/wp\/v2\/product"}],"about":[{"href":"https:\/\/abciber.org.br\/site\/wp-json\/wp\/v2\/types\/product"}],"wp:featuredmedia":[{"embeddable":true,"href":"https:\/\/abciber.org.br\/site\/wp-json\/wp\/v2\/media\/14126"}],"wp:attachment":[{"href":"https:\/\/abciber.org.br\/site\/wp-json\/wp\/v2\/media?parent=9472"}],"curies":[{"name":"wp","href":"https:\/\/api.w.org\/{rel}","templated":true}]}}